{"id":389,"date":"2026-02-11T07:16:42","date_gmt":"2026-02-11T07:16:42","guid":{"rendered":"https:\/\/livno.li\/shop\/?post_type=product&#038;p=389"},"modified":"2026-02-11T07:16:42","modified_gmt":"2026-02-11T07:16:42","slug":"pozivnica-6888k","status":"publish","type":"product","link":"https:\/\/livno.li\/shop\/proizvod\/pozivnica-6888k\/","title":{"rendered":"Pozivnica  6888K"},"content":{"rendered":"","protected":false},"excerpt":{"rendered":"<p class=\"price\"><span class=\"woocommerce-Price-amount amount\"><bdi>0,90\u00a0<span class=\"woocommerce-Price-currencySymbol\">\u20ac<\/span><\/bdi><\/span><\/p>\n<div class=\"woocommerce-product-details__short-description\">\n<p>U cijenu pozivnice je ura\u010dunata obostrani print<\/p>\n<p>Minimalna koli\u010dina za narud\u017ebu je 50 komada.<br \/>\nZa koli\u010dine od 50 do 100 komada se napla\u0107uje izrada grafi\u010dke pripreme u iznosu od 7,50 EURA.<\/p>\n<\/div>\n","protected":false},"featured_media":392,"template":"","meta":[],"product_brand":[],"product_cat":[15],"product_tag":[],"class_list":{"0":"post-389","1":"product","2":"type-product","3":"status-publish","4":"has-post-thumbnail","6":"product_cat-pozivnice-za-vjencanja","8":"first","9":"instock","10":"taxable","11":"shipping-taxable","12":"purchasable","13":"product-type-simple"},"jetpack_sharing_enabled":true,"_links":{"self":[{"href":"https:\/\/livno.li\/shop\/wp-json\/wp\/v2\/product\/389","targetHints":{"allow":["GET"]}}],"collection":[{"href":"https:\/\/livno.li\/shop\/wp-json\/wp\/v2\/product"}],"about":[{"href":"https:\/\/livno.li\/shop\/wp-json\/wp\/v2\/types\/product"}],"wp:featuredmedia":[{"embeddable":true,"href":"https:\/\/livno.li\/shop\/wp-json\/wp\/v2\/media\/392"}],"wp:attachment":[{"href":"https:\/\/livno.li\/shop\/wp-json\/wp\/v2\/media?parent=389"}],"wp:term":[{"taxonomy":"product_brand","embeddable":true,"href":"https:\/\/livno.li\/shop\/wp-json\/wp\/v2\/product_brand?post=389"},{"taxonomy":"product_cat","embeddable":true,"href":"https:\/\/livno.li\/shop\/wp-json\/wp\/v2\/product_cat?post=389"},{"taxonomy":"product_tag","embeddable":true,"href":"https:\/\/livno.li\/shop\/wp-json\/wp\/v2\/product_tag?post=389"}],"curies":[{"name":"wp","href":"https:\/\/api.w.org\/{rel}","templated":true}]}}